ivisor of d and t?
5
Let t(r) = 30*r - 22. Let h be t(5). Suppose 0 = 4*b - h - 136. Calculate the highest common divisor of b and 66.
66
Suppose 92 = 3*b - 79. Let r = b - -456. What is the greatest common factor of r and 114?
57
Let m = -13 + 12. Let j(t) = 17*t**2. Let c be j(m). Suppose q + k = 19, 3*q = -k + 28 + 25. Calculate the greatest common divisor of c and q.
17
Let c(n) = 155*n - 3 + 152*n - 370*n + 115*n. Let k be c(3). Calculate the greatest common divisor of 51 and k.
51
Let w(a) = -2*a**3 - 43*a**2 + 105*a - 40. Let t be w(-24). Calculate the highest common factor of t and 200.
40
Let z(j) = 1 + 15*j + 10 + 7 + 3*j - j**2. Let x be z(15). Suppose 3*c + 48 = 3*n, 3*n - 4*n = c - 26. What is the greatest common divisor of x and n?
21
Let s be 16*-2*(197 - 215). Let d be ((-512)/(-192))/(((-4)/(-6))/2). What is the highest common divisor of s and d?
8
Let z = -11495 + 11518. Suppose 3*x = 5*l + 49, 3*x - 4*x = 5*l - 43. What is the highest common divisor of x and z?
23
Suppose -3*h = -3609 - 2964. Suppose 8*w = h + 2065. Calculate the greatest common factor of w and 7.
7
Suppose 5*s - 110 = 4*n, 0*s - 2*s = -n - 41. Let z(a) = 6*a - 36. Let j be z(s). Calculate the greatest common factor of 126 and j.
18
Suppose 210*t - 13*t = 109736 + 13192. What is the greatest common factor of t and 88?
8
Let k = 9 + 22. Let x = 27845 - 27849. Let a = x + k. Calculate the greatest common divisor of a and 135.
27
Let r be 9*6/(-45) - (-1203)/15. Suppose -2*n = -r*y + 81*y - 2, -2*n = -y - 8. Suppose -4*d - d + 20 = 0. What is the highest common divisor of d and n?
1
Suppose 113*t + 624 = 116*t. Let v be (13/2)/(91/910). What is the highest common divisor of t and v?
13
Suppose 23*p + 7*p - 270 = 0. Let q = -281 + 197. Let x be q*(24/21 + -2). What is the highest common factor of x and p?
9
Suppose 0 = 5*i + 5*j - 415, 14 = 5*j + 4. Suppose 0 = -5*x - 2*w - 1207 + 3353, 0 = -7*w - 49. Calculate the highest common factor of i and x.
27
Suppose 2*y = -3*j - 4212 + 22656, 4*j - 2*y - 24578 = 0. What is the greatest common factor of j and 7?
7
Suppose 0 = b + 3*o - 57, -3*o - 78 + 261 = 3*b. Let k = 93 - b. What is the highest common divisor of k and 6?
6
Suppose -5*d - 190 + 502 = 4*a, d = -a + 63. Suppose -2*z = 3*j - 85, 5*z = 88*j - 89*j + 245. Calculate the greatest common divisor of z and d.
10
Suppose 4*t - 5*d = 63, -56 = -44*t + 45*t + 9*d. Suppose -v = 5*b - 316 + 95, -2*v + 2*b = -382. What is the greatest common divisor of v and t?
7
Suppose 521*t = 497*t + 96. Calculate the highest common divisor of t and 11.
1
Let k(f) = -13*f - 106. Let y be k(-10). Suppose 0 = -4*b + 9 + 7. Let s be -4 + 7 - b - -193. What is the highest common divisor of y and s?
24
Suppose -45 = 2*c - 5*c. Let l be 17 + 1 + 5 + -1. Let n be 2324/77 - 4/l. What is the greatest common divisor of n and c?
15
Let g = 4769 - 4693. What is the highest common factor of 3002 and g?
38
Let p be 6 + (30/(-36)*3*2 - -369). What is the greatest common factor of 80 and p?
10
Let p(m) = -m**3 + 4*m**2 - 6*m + 10. Let u be p(3). Let y be (u/(-3))/(6/(-558)) - -1. Let o be -8*4/(y/(-12)). What is the greatest common factor of 96 and o?
12
Let n(m) = -m**3 + 7*m**2 - 21*m + 45. Let b be n(3). Let x(y) = -y**2 + 8*y - 6. Let q be x(6). Let u = q + 3. Calculate the greatest common factor of b and u.
9
Suppose -21*b = 4*p - 1681, -7*p + 4*p + 1167 = -3*b. Calculate the greatest common factor of p and 2.
2
Suppose 4*o + 3*h = 31, o + 2*h - 8 = 1. Let k = -22 + 19. Let d be k*(-104)/12 - -2. What is the highest common factor of o and d?
7
Let y = 3468 + -3447. What is the greatest common divisor of y and 150?
3
Suppose 54 - 5 = 7*k. Let m be (-1*3)/(-3 - 4/(-2)). Suppose 224 = 5*c + m*c. What is the greatest common divisor of k and c?
7
Suppose 2*q - 11 = m, 5*m = -3*q + 6 + 4. Let o be (2 - (-48)/6) + m. Calculate the greatest common factor of 279 and o.
9
Let t be 4/(-7)*(299/(-26) + 8). Suppose -2*g + 3*c = g - 1002, 3*g - t*c = 1004. What is the greatest common divisor of g and 21?
21
Suppose 0 = 8*m - 19*m + 44. Suppose -m*z - 179 + 239 = 0. Calculate the greatest common divisor of 12 and z.
3
Let j(o) = o**2 + 2*o + 8. Let u be j(-3). Suppose 0 = 11*n - u. Suppose 3 = 2*r + n, -4*l = -2*r - 46. What is the highest common factor of 24 and l?
12
Suppose 189 = -4*b + 5. Let t = 10 + b. Let k be (-8)/t + (-939)/(-27). What is the greatest common divisor of k and 5?
5
Let i(n) = -71*n + 58. Let a be i(0). Calculate the greatest common factor of 8207 and a.
29
Let c = 442 + 152. What is the highest common factor of 495 and c?
99
Let g = -2202 - -10695. Calculate the greatest common divisor of 57 and g.
57
Let h = -14675 - -20590. What is the highest common divisor of 70 and h?
35
Suppose 2*k - 3 = x, -k + 3*k - 18 = -4*x. Let z(v) = -v**2 - 3*v - 2. Let b be z(x). Let p be (4/b)/(3/(-285)). What is the highest common factor of p and 38?
19
Let t be (240/(-90))/(4/(-18)). Suppose -14*b + 1188 = -t*b. What is the greatest common factor of b and 108?
54
Let r(k) = 7*k**2 + 99*k - 210. Let s be r(2). Let a = -24 - -176. What is the greatest common factor of s and a?
8
Suppose 0 = 10*g - 2678 + 338. Let r be -1 - (-3 + -21 - 3). Calculate the greatest common divisor of r and g.
26
Let p be ((-24)/8 - -6) + 7/((-21)/(-6312)). Calculate the greatest common divisor of p and 245.
49
Suppose 6*v - 11*v = -150. Let x(f) = f**2 - 4*f + 6. Let i be x(7). Suppose 11 + 28 = 4*p + 5*m, 3*p - i = -3*m. What is the highest common divisor of p and v?
6
Let l be (15/6)/(-5)*-1*122. Suppose l = 3*u + 58. Suppose -5 = -6*t + u. What is the greatest common factor of 19 and t?
1
Let d(g) = -g**3 + 27*g**2 - 10*g - 25. Let f = 325 + -299. Let z be d(f). Calculate the highest common factor of z and 17.
17
Let i be (2/(-2))/(1/(-65)). Let p(y) = -y**3 - 9*y**2 - 39*y - 160. Let j be p(-7). What is the greatest common factor of i and j?
5
Let m = -3839 + 4100. Calculate the greatest common factor of m and 4.
1
Let n = -3949 + 4136. Calculate the greatest common divisor of 731 and n.
17
Let h = 35684 - 2569. What is the greatest common factor of 185 and h?
185
Let k(l) = -2*l**3 + 28*l**2 - 52*l + 352. Let r be k(13). Calculate the highest common divisor of 469 and r.
7
Let i(c) = -9 - 7*c - 2 - c**3 - 1 + 15*c**2. Suppose 6*y = 3*y + 39. Let n be i(y). What is the greatest common divisor of 47 and n?
47
Suppose -4*x + 5*o = 2 - 69, 2*o = -x + 20. What is the highest common divisor of 801 and x?
9
Let r be (1 - 44/52) + 112821/39. Suppose -2892*n = -r*n + 1001. What is the highest common divisor of n and 154?
77
Suppose 3*v + 4*j - 1040 = 0, 2*v - 1695 = -3*v + j. Suppose 142*w = 147*w - v. Suppose -w = 9*c - 320. Calculate the highest common divisor of 56 and c.
28
Suppose -4*x = 3*o + 14, o + 8 = -2*x - o. Let u(s) = -6*s**3 + s**2 + 7*s + 6. Let v be u(x). What is the greatest common factor of v and 396?
44
Let r be ((40/(-15))/(-8))/(1/(-789)). Let s = 118 - r. Let u = s + -237. Calculate the greatest common divisor of u and 16.
16
Let k(m) = 319*m + 68. Let h be k(3). Suppose -h = -28*v - 73. Calculate the greatest common divisor of v and 442.
34
Suppose -5*u + 3296 + 1556 = 3*i, i - 3876 = -4*u. What is the highest common factor of 121 and u?
121
Suppose 6*j + 5*j = 22. Suppose a - 13 = l - j*l, -5*a - 79 = -3*l. Let m = l + -11. Calculate the highest common factor of 1 and m.
1
Suppose -228841 = -84*z - 43*z - 13449. Calculate the greatest common divisor of z and 583.
53
Suppose 2*j = -2*a + 2, 3*j - 2*a + 23 = -2*j. Let w be -344 + j/6*8 - 0. Let q = -177 - w. What is the greatest common factor of 9 and q?
9
Suppose -2*o - c + 5700 = 0, 1199 + 1666 = o + 3*c. Calculate the highest common divisor of o and 219.
219
Let g = -1166 + 1231. Calculate the greatest common divisor of g and 7865.
65
Suppose 5*w - 2*x = 9*w - 64, 2*x - 4 = 0. Let t be 44/(-11) - (-2 + 4). Let k be 2/(20/w)*(-20)/t. What is the highest common factor of 25 and k?
5
Suppose -v = m - 233, 4*v - 1 = 5*v. Let q = 252 + -147. Let h = m - q. What is the highest common divisor of 86 and h?
43
Let v = -35 + 38. Suppose v*i - 2*t = 21, -2*i + 5*t + 19 = 2*t. Suppose 0 = -2*p + 60 + 30. Calculate the highest common divisor of i and p.
5
Supp